{"id":9978,"date":"2024-02-02T19:11:11","date_gmt":"2024-02-02T18:11:11","guid":{"rendered":"https:\/\/vinylroute.com\/tienda\/?page_id=9978"},"modified":"2024-02-02T19:11:13","modified_gmt":"2024-02-02T18:11:13","slug":"politica-de-cookies","status":"publish","type":"page","link":"https:\/\/vinylroute.com\/tienda\/politica-de-cookies\/","title":{"rendered":"POL\u00cdTICA DE COOKIES"},"content":{"rendered":"\n<p>Vinylroute.com, al igual que la inmensa mayor\u00eda de los sitios web que visitas habitualmente, utiliza \u00abcookies propias\u00bb. Esta p\u00e1gina explica qu\u00e9 son las cookies, c\u00f3mo las utilizamos y c\u00f3mo puedes modificar tus preferencias al respecto.<\/p>\n\n\n\n<p><strong>\u00bfQu\u00e9 son las cookies?<\/strong><\/p>\n\n\n\n<p>Una cookie es un peque\u00f1o fichero que se descarga autom\u00e1ticamente en tu ordenador al acceder a una p\u00e1gina web. Las cookies permiten a la web, entre otras cosas, almacenar y recuperar informaci\u00f3n sobre tu navegaci\u00f3n y, dependiendo de la informaci\u00f3n que contengan y de la forma en que utilices tu equipo, pueden utilizarse para reconocerte como usuario recurrente en pr\u00f3ximas visitas.<\/p>\n\n\n\n<p><strong>\u00bfQu\u00e9 tipos de cookies propias utiliza Vinylroute.com?<\/strong><\/p>\n\n\n\n<p>Utilizamos dos tipos de cookies:<\/p>\n\n\n\n<p><strong>Cookies t\u00e9cnicas:<\/strong><\/p>\n\n\n\n<p>Utilizamos un tipo cookies que permite el funcionamiento b\u00e1sico de la web y son imprescindibles para controlar el tr\u00e1fico y la comunicaci\u00f3n de datos, identificar la sesi\u00f3n, recordar los elementos que integran un pedido, realizar el proceso de compra, etc.<\/p>\n\n\n\n<p><strong>Cookies de an\u00e1lisis y personalizaci\u00f3n:<\/strong><\/p>\n\n\n\n<p>Utilizamos cookies que nos permiten identificar a los usuarios recurrentes para poder analizar el uso que hacen de la web y personalizar su experiencia.<\/p>\n\n\n\n<p><strong>\u00bfQu\u00e9 cookies de terceros utiliza Vinylroute.com?<\/strong><\/p>\n\n\n\n<p>Utilizamos varios servicios de terceros que instalan cookies desde Vinylroute.com:<\/p>\n\n\n\n<p><strong>Google Adwords:<\/strong><\/p>\n\n\n\n<p>Google Adwords es la herramienta de Google que permite publicar anuncios en su buscador. Las cookies de Google Adwords nos permiten medir el \u00e9xito de nuestras campa\u00f1as publicitarias, calculando el importe de las ventas generado por cada campa\u00f1a.<\/p>\n\n\n\n<p><strong>Google Analytics:<\/strong><\/p>\n\n\n\n<p>Google Analytics es la aplicaci\u00f3n que utilizamos para obtener y analizar estad\u00edsticas de uso de Vinylroute.com. De acuerdo con su pol\u00edtica de privacidad, Google puede utilizar estos datos para mejorar sus propios servicios y para ofrecer servicios a otras empresas. Google Analytics NO almacena nombres, apellidos, emails, ni direcciones postales. El tipo de informaci\u00f3n almacenada incluye idioma, localizaci\u00f3n (a nivel de ciudad), frecuencia y reincidencia de las visitas, tiempo de visita, navegador y sistema operativo, origen de la visita, etc. En Vinylroute.com utilizamos esta informaci\u00f3n para mejorar continuamente nuestra web.<\/p>\n\n\n\n<p><strong>Google Tag Manager:<\/strong><\/p>\n\n\n\n<p>Google Tag Manager es la aplicaci\u00f3n que utilizamos para gestionar de forma centralizada los servicios de terceros que incluimos en Vinylroute.com<\/p>\n\n\n\n<p><strong>\u00bfC\u00f3mo puedes controlar qu\u00e9 cookies se instalan en tu equipo?<\/strong><\/p>\n\n\n\n<p>Puedes ver las cookies que tienes instaladas, bloquearlas o eliminarlas a trav\u00e9s de las opciones del navegador que est\u00e1s utilizando (consulta la ayuda de tu navegador para saber c\u00f3mo hacerlo).<\/p>\n\n\n\n<p><strong>Aceptaci\u00f3n de esta pol\u00edtica<\/strong><\/p>\n\n\n\n<p>Si contin\u00faas navegando por Vinylroute.com, consideraremos que aceptas esta pol\u00edtica de cookies.<\/p>\n","protected":false},"excerpt":{"rendered":"<p>Vinylroute.com, al igual que la inmensa mayor\u00eda de los sitios web que visitas habitualmente, utiliza \u00abcookies propias\u00bb. Esta p\u00e1gina explica qu\u00e9 son las cookies, c\u00f3mo las utilizamos y c\u00f3mo puedes modificar tus preferencias al respecto. \u00bfQu\u00e9 son las cookies? Una cookie es un peque\u00f1o fichero que se descarga autom\u00e1ticamente en tu ordenador al acceder a [&hellip;]<\/p>\n","protected":false},"author":1,"featured_media":0,"parent":0,"menu_order":0,"comment_status":"closed","ping_status":"closed","template":"","meta":{"_monsterinsights_skip_tracking":false,"_monsterinsights_sitenote_active":false,"_monsterinsights_sitenote_note":"","_monsterinsights_sitenote_category":0,"footnotes":""},"class_list":["post-9978","page","type-page","status-publish","hentry"],"_links":{"self":[{"href":"https:\/\/vinylroute.com\/tienda\/wp-json\/wp\/v2\/pages\/9978","targetHints":{"allow":["GET"]}}],"collection":[{"href":"https:\/\/vinylroute.com\/tienda\/wp-json\/wp\/v2\/pages"}],"about":[{"href":"https:\/\/vinylroute.com\/tienda\/wp-json\/wp\/v2\/types\/page"}],"author":[{"embeddable":true,"href":"https:\/\/vinylroute.com\/tienda\/wp-json\/wp\/v2\/users\/1"}],"replies":[{"embeddable":true,"href":"https:\/\/vinylroute.com\/tienda\/wp-json\/wp\/v2\/comments?post=9978"}],"version-history":[{"count":2,"href":"https:\/\/vinylroute.com\/tienda\/wp-json\/wp\/v2\/pages\/9978\/revisions"}],"predecessor-version":[{"id":9980,"href":"https:\/\/vinylroute.com\/tienda\/wp-json\/wp\/v2\/pages\/9978\/revisions\/9980"}],"wp:attachment":[{"href":"https:\/\/vinylroute.com\/tienda\/wp-json\/wp\/v2\/media?parent=9978"}],"curies":[{"name":"wp","href":"https:\/\/api.w.org\/{rel}","templated":true}]}}