{"id":90,"date":"2024-09-22T03:54:30","date_gmt":"2024-09-22T01:54:30","guid":{"rendered":"https:\/\/demo2wpopal.b-cdn.net\/printec\/shop\/incredible-linen-bench\/"},"modified":"2024-10-12T19:47:08","modified_gmt":"2024-10-12T17:47:08","slug":"single-pocket-folders","status":"publish","type":"product","link":"https:\/\/vinylroute.com\/tienda\/producto\/single-pocket-folders\/","title":{"rendered":"Varios -Tributo a Jos\u00e9 Mar\u00eda Granados \u2013 2022"},"content":{"rendered":"<p>\u00c1lvaro Tessa, Ardillas de Dakota, Ecl\u00e9ctica, Fernando Mart\u00edn, La Granja, Hombres G, Limones, Miguel Costas con Alarmantiks, Un ping\u00fcino en mi ascensor, Los Secretos, Txetxu Altube y Yago Fern\u00e1ndez y V\u00edctor Fraile han elegido canciones para revisitarlas y hacerlas suyas para, en definitiva, ofrend\u00e1rselas a su autor, a Jos\u00e9 Mar\u00eda Granados.<\/p>\n<p>Una docena de grabaciones interpretadas, producidas y masterizadas desde el respeto y un patente cari\u00f1o al, por algo, \u201cpresidente\u201d de la republica de Vinylroute.<\/p>\n","protected":false},"excerpt":{"rendered":"<p>\u00c1lvaro Tessa, Ardillas de Dakota, Ecl\u00e9ctica, Fernando Mart\u00edn, La Granja, Hombres G, Limones, Miguel Costas con Alarmantiks, Un ping\u00fcino en mi ascensor, Los Secretos, Txetxu Altube y Yago Fern\u00e1ndez y V\u00edctor Fraile han elegido canciones para revisitarlas y hacerlas suyas para, en definitiva, ofrend\u00e1rselas a su autor, a Jos\u00e9 Mar\u00eda Granados.<\/p>\n<p>Una docena de grabaciones interpretadas, producidas y masterizadas desde el respeto y un patente cari\u00f1o al, por algo, \u201cpresidente\u201d de la republica de Vinylroute.<\/p>\n","protected":false},"featured_media":9717,"comment_status":"closed","ping_status":"closed","template":"","meta":{"_monsterinsights_skip_tracking":false,"_monsterinsights_sitenote_active":false,"_monsterinsights_sitenote_note":"","_monsterinsights_sitenote_category":0},"product_cat":[84],"product_tag":[],"class_list":{"0":"post-90","1":"product","2":"type-product","3":"status-publish","4":"has-post-thumbnail","6":"product_cat-produccion-vinylroute","8":"first","9":"instock","10":"featured","11":"purchasable","12":"product-type-simple"},"_links":{"self":[{"href":"https:\/\/vinylroute.com\/tienda\/wp-json\/wp\/v2\/product\/90","targetHints":{"allow":["GET"]}}],"collection":[{"href":"https:\/\/vinylroute.com\/tienda\/wp-json\/wp\/v2\/product"}],"about":[{"href":"https:\/\/vinylroute.com\/tienda\/wp-json\/wp\/v2\/types\/product"}],"replies":[{"embeddable":true,"href":"https:\/\/vinylroute.com\/tienda\/wp-json\/wp\/v2\/comments?post=90"}],"version-history":[{"count":2,"href":"https:\/\/vinylroute.com\/tienda\/wp-json\/wp\/v2\/product\/90\/revisions"}],"predecessor-version":[{"id":10445,"href":"https:\/\/vinylroute.com\/tienda\/wp-json\/wp\/v2\/product\/90\/revisions\/10445"}],"wp:featuredmedia":[{"embeddable":true,"href":"https:\/\/vinylroute.com\/tienda\/wp-json\/wp\/v2\/media\/9717"}],"wp:attachment":[{"href":"https:\/\/vinylroute.com\/tienda\/wp-json\/wp\/v2\/media?parent=90"}],"wp:term":[{"taxonomy":"product_cat","embeddable":true,"href":"https:\/\/vinylroute.com\/tienda\/wp-json\/wp\/v2\/product_cat?post=90"},{"taxonomy":"product_tag","embeddable":true,"href":"https:\/\/vinylroute.com\/tienda\/wp-json\/wp\/v2\/product_tag?post=90"}],"curies":[{"name":"wp","href":"https:\/\/api.w.org\/{rel}","templated":true}]}}